*x**2 - 11*x - 10. Let l(v) = -17*h(v) - 6*r(v). What is the tens digit of l(s)?
5
Let j(f) = -5 + 5*f - 4*f**3 - 3*f**3 + 5*f**3 + 7*f - 13*f**2. What is the units digit of j(-8)?
1
Suppose 3*t = 5*q + 91, 3*q - t + 31 + 26 = 0. Let z be q*1/((-10)/(-136)). What is the units digit of z/(-20) - (-12)/(-20)?
3
Let z be (-1)/((5/4)/(-5)). Suppose z*u + f = -4, 17 - 5 = -4*u - 3*f. Suppose 4*h + 16 = u, 0*m + 87 = 3*m - 3*h. What is the tens digit of m?
2
What is the hundreds digit of (337/2)/(((-91)/(-42))/13)?
0
Let h = -567 - -146. Let u = -254 - h. What is the hundreds digit of u?
1
Let o = -6 + 11. Suppose o*g + 193 = n, 3*n + g - 2*g = 537. What is the units digit of n?
8
Let q(v) = -2*v**3 + 15*v**2 - 21*v + 20. Let n(w) = w**3 - 16*w**2 + 21*w - 19. Let k(r) = -3*n(r) - 2*q(r). What is the tens digit of k(-19)?
5
What is the units digit of ((-45)/6)/(-5)*(-13294)/(-51)?
1
Suppose -3*a + 2*a + 7 = 0. Let d be -1 + (1 + a)/2. Suppose 0 = -d*z - 4*p + 57, -z = -5*z - 3*p + 69. What is the tens digit of z?
1
Let b(g) = -2*g + 488. Let j be b(0). Suppose 0 = -5*w - 4*t + 870, -t + 197 = 4*w - j. What is the units digit of w?
0
Suppose 2*b - 3*w = -36, 90 = -5*b + 5*w - 0*w. Let j = -12 - b. What is the units digit of j?
6
Let a be 92 + 2 - (-4 + 2). Suppose 5*u - 54 = a. What is the tens digit of u?
3
Let a = 69 + 0. Suppose -3*w + 39 = -a. What is the tens digit of w?
3
Suppose 7865 = -67*o + 80*o. What is the units digit of o?
5
What is the units digit of (-11)/(176/(-16)) + 2850/1?
1
Let i be -4 - -10 - (2 + 1). Let a(m) = 2*m**2 - 4 - 7*m - 2*m**2 - m**2 + i. What is the units digit of a(-4)?
1
Let m = -24 + 15. Let l be -1 - -41 - (-10 - m). Suppose r - l = -3*u - 7, -2*u + 17 = -5*r. What is the tens digit of u?
1
Let l(s) = -s**2 + 7*s - 7. Let o be l(5). Let p(t) = 26*t**2 - 28*t**2 - 4 + 2*t + 2*t**3 + 0 - 3*t. What is the tens digit of p(o)?
2
Suppose -5*a - x = -15 + 6, -3*x + 8 = -4*a. Let q be -1 + 2 - 2*-2. Suppose 3*t - 26 = 4*v, -q*t + 39 = -4*v + a. What is the units digit of t?
6
Let k(m) = m**2 - m - 31. What is the hundreds digit of k(-24)?
5
Let s = -243 - -640. What is the hundreds digit of s?
3
Suppose l = 4*s - 75, 213 = -2*l + s + 28. Let d = l + 172. What is the units digit of d?
7
What is the units digit of (-77425)/(-175) - (-8)/14?
3
Let h(o) = -o**3 + 6*o**2 + 2*o - 2. Let j be h(4). Let g = j - -34. What is the units digit of g?
2
Let b(z) = z**3 - 6*z - 3*z + 7*z**2 - 12 + z - 2*z. Let l be b(-8). Suppose -l*q = -8*q + 92. What is the units digit of q?
3
Let s = -77 + 146. Let a(h) = 20*h - 8. Let v be a(6). Let w = v - s. What is the tens digit of w?
4
Let l = -378 + 266. Let b = 254 - l. Suppose 0 = -4*w - 2*w + b. What is the tens digit of w?
6
Suppose -z - 10 = 52. Let a = z - -114. What is the tens digit of a?
5
Suppose 0 = t + 4*d + 17 + 3, 5*t + 36 = -4*d. Let k = 109 + t. What is the tens digit of k?
0
Let h = -33 + 89. Suppose -s = -186 + h. What is the units digit of s?
0
Let b(d) = 45*d. Let s = -26 + 27. What is the units digit of b(s)?
5
Let c be ((-2)/2)/(1/(-7)). Suppose c*z - 255 = 2*z. What is the units digit of z?
1
Let n(w) = 3*w**2 - 3*w - 36. What is the tens digit of n(8)?
3
Suppose 440*a = 448*a - 6808. What is the hundreds digit of a?
8
Suppose 0 = -2*w + l + 7951, 6857 + 9060 = 4*w - 5*l. What is the hundreds digit of w?
9
Let z = 8 - 193. Let x = -105 - z. What is the tens digit of x?
8
Let v = 4112 + -2291. What is the thousands digit of v?
1
Suppose -113 + 213 = 4*d. What is the units digit of (5/d*-142)/((-2)/20)?
4
Suppose -5*u = -4*c + c - 46, -3*c = 6. Let j(n) = -n**2 + 8*n + 4. Let h be j(u). What is the units digit of (-2)/(h*2/(-12))?
3
Suppose 0 = 4*t + s - 0*s - 5, s + 13 = 5*t. Let b(d) = -t - 1 - 3*d - 2 + 0*d. What is the units digit of b(-4)?
7
Suppose 490 = -3*n + 8*n. Let x(v) = v**2 - v - 2. Let q be x(3). Suppose -n + 14 = -q*f. What is the tens digit of f?
2
Suppose 17076 = 3*c + n, 0 = -5*c - 5*n + 11723 + 16737. What is the tens digit of c?
9
Let g(l) = -20*l - 38 + 38*l - 26*l. What is the tens digit of g(-20)?
2
Suppose -5*r - q + 1850 = 0, -19*q = -2*r - 24*q + 717. What is the units digit of r?
1
Let b = 3 + -1. Suppose -2*t + b*x + 4 - 10 = 0, 3*t - 2*x = -4. Let y(w) = 6*w**2. What is the units digit of y(t)?
4
Let m be (5/10)/((-1)/(-8)). Suppose 2*h + 110 = 5*x - 3*h, -m*h + 50 = 2*x. Suppose 0 = 2*d - 13 - x. What is the tens digit of d?
1
Let n be (0 + 68/(-12))*(-2 + -1). Let v(m) be the second derivative of m**4/12 - 7*m**3/3 + 7*m**2/2 + m. What is the tens digit of v(n)?
5
Suppose -25 = 2*c + 3*c. Let t be (0 - -3) + (c - -6). Suppose -t*j = -0*j - 152. What is the tens digit of j?
3
Let l be (-2 - -2) + -3 - -9. Let m = l + -4. Suppose 23 = 3*v - 4*x, m*v + 0*x - 20 = 5*x. What is the units digit of v?
5
Let h = -13 - -12. Let l be -1 - (-1 + h)*3. Let u(a) = a**3 - 4*a**2 - a - 4. What is the units digit of u(l)?
6
Let p = 185 - 147. Let z = 6 - 24. Let u = p + z. What is the tens digit of u?
2
Let a = 8 - 7. Suppose m - a + 14 = 3*k, -15 = -3*k + 3*m. Suppose 13 - 89 = -k*f. What is the tens digit of f?
1
Suppose 0 = -3*m + 131 + 70. Let w(o) = -o**3 - 8*o**2 + 2. Let n be w(-8). Suppose n*s = -19 + m. What is the tens digit of s?
2
Suppose -3*a + 8 = -241. Let f = -12 + a. What is the units digit of f?
1
Suppose 2*q + 2*t = 4*q, -3*q + 4*t - 3 = 0. Let x(b) = 5*b**3 + 9 + q*b - 5*b**3 + b**3 - 13*b**2. What is the tens digit of x(13)?
4
Let g = -26 - -19. Let a be 6/(-21) + (-2)/g. Suppose -5*c - 26 + 166 = a. What is the tens digit of c?
2
Let i(b) = -b**2 + 4. Let d be i(0). Suppose d*n = -z, 3*z + n = 4*z - 10. What is the tens digit of (-32)/6*(-36)/z?
2
Suppose 86*n - 242804 = -15*n. What is the tens digit of n?
0
Let p = -1442 + 1783. What is the units digit of p?
1
Suppose -l + 12 = 5*x, -5*x + 12 + 8 = 5*l. Suppose -x*u + 165 = 3*u. What is the units digit of u?
3
Let z(a) be the third derivative of -a**6/120 - a**5/60 + 5*a**3/6 - 2*a**2. Let k be z(0). Suppose -k*m + 64 - 14 = 0. What is the tens digit of m?
1
Let k(i) = i**3 - 6*i**2 - 6*i - 7. Let s be k(7). Suppose -24 = -2*l - s. What is the tens digit of l*((-3)/1)/(-3)?
1
Let v be (0/18)/(2 - 1). Suppose v = 4*w - 57 - 27. What is the tens digit of w?
2
Suppose 0 = -k + 2*g - 26, -5*k + 5*g = -8*k - 111. Let t = k + 86. What is the tens digit of t?
5
Let g = -298 + 588. Let p = -183 + g. What is the tens digit of p?
0
Let p be (-4)/(-14) + (-5588)/154. What is the units digit of ((-2)/(-6))/((-2)/p)?
6
Let k be (0 + 0)*(12 - 13). Suppose k*i = -3*t + 2*i + 130, 0 = 4*i + 20. What is the tens digit of t?
4
Suppose -22 = 2*k - 1418. What is the hundreds digit of k?
6
Suppose 89*w + 15 = 94*w. Suppose 0 = w*g + 2*g - 1080. What is the hundreds digit of g?
2
Let p(u) = -20*u + 37. What is the hundreds digit of p(-8)?
1
Let q(h) = -h**3 - 26*h**2 + 19*h - 46. What is the tens digit of q(-27)?
7
Suppose 9*u + 6083 = 11*u - 3*f, 15225 = 5*u - 4*f. What is the units digit of u?
9
Let f = 362 + -156. What is the units digit of f?
6
Let g(h) = 2351*h**3 + 2*h**2 + 35*h - 36. What is the tens digit of g(1)?
5
Let r be (-5)/(105/(-49)) - 4/(-6). Suppose -5*l + 346 = -2*l + k, 0 = l + r*k - 110. What is the units digit of l?
6
Let r = -6274 - -12014. What is the tens digit of r?
4
Let a(v) = -43*v - 34. What is the tens digit of a(-3)?
9
Suppose 12441 = 30*z - 2259. What is the units digit of z?
0
Let l = -1627 + 2375. What is the tens digit of l?
4
Let a(n) = -n + 5. Let d(y) = 1. Let z(m) = -5*a(m) + 20*d(m). Let x be z(3). Let p = x + 5. What is the units digit of p?
5
Suppose -s + 2*m = 5, -10 = -5*s + m + 1. Let q(r) = -1 + 2*r**3 - r**s - 2*r + r**3 + 0. What is the units digit of q(2)?
1
Let g = -9 + 2. Let o(a) = a**3 + 7*a**2 + 8. Let n be o(g). Suppose n + 32 = j. What is the units digit of j?
0
Let z(p) = -p**3 + 9*p**2 - 5*p - 2. What is the units digit of z(8)?
2
Let d(i) be the third derivative of -i**4/24 - 4*i**3 + 6*i**2. Let h be d(-7). Let u = 45 + h. What is the units digit of u?
8
Let s be ((-13)/(-4) + -1)*88. Let i = s - 85. What is the units digit of i?
3
Let i = -327 - -574. What is the tens digit of i?
4
Suppose 2*m - 5*m = -60. Suppose -f = 4*f - m. What is the 